1, 240379
List the prime factors of 177021460.
2, 5, 7, 11, 71, 1619
What are the prime factors of 42371284?
2, 10592821
List the prime factors of 191308481.
7, 13, 2102291
What are the prime factors of 44738548?
2, 47, 237971
List the prime factors of 2568356243.
17, 313, 482683
List the prime factors of 4763282736.
2, 3, 99235057
What are the prime factors of 401644176?
2, 3, 17, 37, 53, 251
What are the prime factors of 9851134?
2, 61, 80747
List the prime factors of 219334206.
2, 3, 7, 13, 401711
What are the prime factors of 281468324?
2, 37, 701, 2713
List the prime factors of 531381698.
2, 265690849
What are the prime factors of 286583496?
2, 3, 23, 173, 3001
List the prime factors of 1399377296.
2, 37, 73, 32381
List the prime factors of 1359118786.
2, 679559393
What are the prime factors of 1100806519?
23, 457, 104729
What are the prime factors of 7533073615?
5, 1153, 1306691
List the prime factors of 1037001858.
2, 3, 172833643
What are the prime factors of 1390736202?
2, 3, 1303, 177889
List the prime factors of 604896342.
2, 3, 100816057
List the prime factors of 1408050500.
2, 5, 17, 165653
List the prime factors of 57535848.
2, 3, 67, 11927
What are the prime factors of 1524547338?
2, 3, 3739, 67957
List the prime factors of 2357872420.
2, 5, 8951, 13171
List the prime factors of 59688891.
3, 887, 7477
List the prime factors of 108103459.
17, 983, 6469
What are the prime factors of 72376838?
2, 36188419
List the prime factors of 188558288.
2, 17, 359, 1931
What are the prime factors of 432344876?
2, 29, 43, 86677
List the prime factors of 4035750718.
2, 541, 3729899
What are the prime factors of 33583922?
2, 97, 331, 523
List the prime factors of 298391814.
2, 3, 7, 47, 50387
What are the prime factors of 5117139091?
563, 9089057
List the prime factors of 45997940.
2, 5, 239, 9623
What are the prime factors of 68845430?
2, 5, 127, 151, 359
List the prime factors of 317167042.
2, 73, 1009, 2153
List the prime factors of 518651050.
2, 5, 10373021
List the prime factors of 4189916635.
5, 89, 9415543
List the prime factors of 884791105.
5, 11, 16087111
What are the prime factors of 4717999?
11, 13, 32993
List the prime factors of 1586079270.
2, 3, 5, 17623103
What are the prime factors of 82132294?
2, 41066147
What are the prime factors of 385436335?
5, 4001, 19267
What are the prime factors of 24912765?
3, 5, 137, 449
List the prime factors of 303124204.
2, 109, 695239
List the prime factors of 828557702.
2, 7, 59182693
What are the prime factors of 426823249?
211, 563, 3593
List the prime factors of 146157250.
2, 5, 31, 18859
What are the prime factors of 157007365?
5, 79, 83, 4789
What are the prime factors of 30488427?
3, 59, 19139
What are the prime factors of 617483089?
1091, 565979
What are the prime factors of 49941056?
2, 11, 6449
What are the prime factors of 227192971?
47, 71, 103, 661
What are the prime factors of 2176630507?
23, 94636109
List the prime factors of 30043558.
2, 15021779
What are the prime factors of 529819192?
2, 7, 199, 47543
List the prime factors of 137453904.
2, 3, 7, 19, 7177
List the prime factors of 5067722736.
2, 3, 47, 748777
What are the prime factors of 817465153?
817465153
What are the prime factors of 30955470?
2, 3, 5, 7, 13, 17, 23, 29
List the prime factors of 284421942.
2, 3, 7, 250813
What are the prime factors of 9262972?
2, 61, 37963
List the prime factors of 1201510346.
2, 600755173
What are the prime factors of 483279204?
2, 3, 40273267
What are the prime factors of 144849496?
2, 11, 1646017
What are the prime factors of 387628687?
37, 373, 28087
What are the prime factors of 5516852283?
3, 612983587
List the prime factors of 102433144.
2, 11, 113, 10301
What are the prime factors of 162548491?
7, 101, 223, 1031
List the prime factors of 685804060.
2, 5, 241, 263, 541
List the prime factors of 17408536.
2, 311, 6997
List the prime factors of 429391402.
2, 11, 73, 167, 1601
What are the prime factors of 162863219?
73, 1069, 2087
What are the prime factors of 204639656?
2, 13, 1019, 1931
What are the prime factors of 89290771?
89290771
List the prime factors of 351143492.
2, 7, 97, 129287
List the prime factors of 38366147.
47, 109, 7489
List the prime factors of 3849813503.
97, 5003, 7933
What are the prime factors of 2212807549?
347, 1933, 3299
What are the prime factors of 43768215?
3, 5, 324209
What are the prime factors of 31825910?
2, 5, 3182591
List the prime factors of 153564060.
2, 3, 5, 13, 17, 37, 313
What are the prime factors of 480942882?
2, 3, 7, 53, 72019
What are the prime factors of 764479824?
2, 3, 15926663
List the prime factors of 89553426.
2, 3, 14925571
What are the prime factors of 33237350?
2, 5, 83, 8009
What are the prime factors of 5918903186?
2, 7, 19069, 22171
List the prime factors of 88149260.
2, 5, 4407463
What are the prime factors of 27036979?
67, 403537
List the prime factors of 224118055.
5, 7, 17, 22157
List the prime factors of 277627448.
2, 7, 4957633
List the prime factors of 316614605.
5, 29, 107, 20407
List the prime factors of 235138085.
5, 7, 13, 23, 22469
What are the prime factors of 206920093?
601, 344293
What are the prime factors of 281360686?
2, 3919, 35897
What are the prime factors of 666089626?
2, 109, 3055457
What are the prime factors of 72723783?
3, 11, 200341
What are the prime factors of 21366604?
2, 7, 763093
What are the prime factors of 7445706917?
11, 227, 293, 10177
List the prime factors of 30028555.
5, 359, 16729
What are the prime factors of 182460982?
2, 11, 29, 25999
List the prime factors of 27707134.
2, 7, 13, 23, 6619
List the prime factors of 168327773.
3169, 53117
List the prime factors of 5775327.
3, 213901
List the prime factors of 1778148303.
3, 17, 34865653
What are the prime factors of 359215730?
2, 5, 5791, 6203
What are the prime factors of 493570529?
151, 181, 18059
What are the prime factors of 60918331?
60918331
What are the prime factors of 203385929?
37, 331, 16607
List the prime factors of 1083041291.
1083041291
What are the prime factors of 1907518116?
2, 3, 7, 17, 1335797
List the prime factors of 59275360.
2, 5, 370471
What are the prime factors of 144092933?
6733, 21401
List the prime factors of 266630953.
47, 5672999
What are the prime factors of 288410933?
17, 41, 43, 9623
List the prime factors of 281116368.
2, 3, 13, 150169
List the prime factors of 237461058.
2, 3, 488603
List the prime factors of 31507836.
2, 3, 2625653
What are the prime factors of 27390010?
2, 5, 23, 119087
List the prime factors of 217252944.
2, 3, 757, 1993
List the prime factors of 40449997.
7, 5778571
List the prime factors of 6133096.
2, 766637
What are the prime factors of 537156281?
9067, 59243
List the prime factors of 443567444.
2, 1531, 72431
What are the prime factors of 110684919?
3, 36894973
What are the prime factors of 160881987?
3, 7, 19, 23, 47, 373
What are the prime factors of 177540746?
2, 6521, 13613
List the prime factors of 2961503000.
2, 5, 23, 128761
What are the prime factors of 1204293536?
2, 37634173
What are the prime factors of 72766235?
5, 37, 393331
What are the prime factors of 152624309?
1931, 79039
What are the prime factors of 6004094251?
4637, 1294823
What are the prime factors of 121221142?
2, 7, 8658653
List the prime factors of 130082655.
3, 5, 8672177
List the prime factors of 6088116407.
61, 269, 311, 1193
List the prime factors of 670565.
5, 7, 17, 23
What are the prime factors of 22884324?
2, 3, 31, 227, 271
List the prime factors of 94222226.
2, 7, 6730159
List the prime factors of 231768625.
5, 11, 168559
What are the prime factors of 29732781?
3, 13, 762379
What are the prime factors of 34274205?
3, 5, 7, 36269
What are the prime factors of 4545600666?
2, 3, 757600111
What are the prime factors of 151743231?
3, 16860359
What are the prime factors of 175376415?
3, 5, 521, 22441
What are the prime factors of 934893022?
2, 7, 66778073
What are the prime factors of 6750689550?
2, 3, 5, 11, 19, 349, 617
What are the prime factors of 49379755?
5, 59, 73, 2293
List the prime factors of 780235944.
2, 3, 17, 89, 21487
List the prime factors of 1053283957.
11, 95753087
What are the prime factors of 82962795?
3, 5, 5530853
What are the prime factors of 2370330009?
3, 17, 19, 61, 133